Let c(f) = -f**2 - f + 16. Give c(-5).
-4
Let d(b) = -b**3 + 10*b**2 - 8*b + 5. Determine d(9).
14
Let h(v) = 3*v**2 + 2*v - 3. Determine h(1).
2
Let n(s) = s**3 + 8*s**2 + 8*s - 23. What is n(-7)?
-30
Let q(h) = h**2 + 21*h - 66. Determine q(3).
6
Let w(f) = f**3 + 12*f**2 + 3*f + 19. Calculate w(-12).
-17
Let i(a) = a**2 + 9*a + 7. Calculate i(-6).
-11
Let a(d) = -d**3 + 22*d**2 + 23*d + 3. Determine a(23).
3
Let h(t) = -t**3 + 6*t**2 + 2*t + 21. Give h(7).
-14
Let c(q) = 4*q**2 - q - 12. What is c(-3)?
27
Let w(i) = -24*i + 135. Determine w(6).
-9
Let p(d) = -6*d - 20. Determine p(-9).
34
Let p(q) = -19*q - 322. Determine p(-16).
-18
Let y(n) = 23*n**2 + 8*n - 6. Determine y(-2).
70
Let f(h) = h**3 - 2*h**2 - 2*h + 3. Calculate f(3).
6
Let b(c) = c**3 + 27*c**2 + 52*c + 50. Give b(-25).
0
Let q(k) = -20*k + 373. Determine q(18).
13
Let j(t) = -4*t**2 + 16*t + 93. Determine j(-4).
-35
Let c(q) = q**3 - 8*q**2 + 3*q. Calculate c(7).
-28
Let d(m) = -2*m**3 + 6*m**2 + 14*m + 5. What is d(-2)?
17
Let g(x) = -9*x + 3. Calculate g(1).
-6
Let l(c) = -2*c**3 - 10*c**2 - 11*c - 20. What is l(-4)?
-8
Let h(v) = -4*v**2 - 6*v + 17. What is h(2)?
-11
Let u(k) = 2*k**3 + 45*k**2 - 28*k - 103. What is u(-23)?
12
Let f(t) = t**2 + 4*t - 5. Determine f(0).
-5
Let k(y) = y**2 - 5*y + 3. Determine k(4).
-1
Let g(m) = -m**3 - 5*m**2 - m - 7. Calculate g(-5).
-2
Let x(v) = -v**3 + 26*v**2 + 27*v - 5. Determine x(27).
-5
Let r(t) = -t + 9. Determine r(0).
9
Let o(b) = b + 8. Give o(-1).
7
Let k(s) = s**3 - 3*s**2 - s - 4. Determine k(4).
8
Let d(g) = g**2 + 6*g + 1. Determine d(-7).
8
Let m(v) = -12*v + 99. Calculate m(8).
3
Let v(l) = -8*l - 30. Determine v(-15).
90
Let c(a) = 5*a + 10. Calculate c(9).
55
Let d(m) = m**2 - 6*m - 19. Determine d(9).
8
Let u(y) = y**2 + 84. Give u(0).
84
Let f(h) = -7*h - 12. What is f(-7)?
37
Let z(h) = h**2 + 54*h + 413. Calculate z(-45).
8
Let m(u) = -45*u**2 + 2. Determine m(1).
-43
Let v(k) = -k**3 - 5*k**2 + 12*k + 9. Calculate v(-7).
23
Let f(q) = q**3 + 4*q**2 + q. Determine f(-2).
6
Let u(l) = l + 7. What is u(15)?
22
Let a(l) = -l**3 + 2*l**2 + 5*l - 3. Determine a(3).
3
Let o(g) = 7*g**2 + g + 2. Give o(-2).
28
Let a(y) = y**3 - 8*y**2 + 7*y - 2. Calculate a(7).
-2
Let l(y) = -6*y**2 + 3*y - 1. Give l(3).
-46
Let q(u) = 5*u**2 - 7*u + 2. Calculate q(3).
26
Let p(n) = -n**3 + 3*n**2 - n + 1. What is p(2)?
3
Let b(v) = -2*v - 28. What is b(-12)?
-4
Let c(j) = -j**3 + 8*j**2 - 9*j + 5. Calculate c(6).
23
Let m(b) = -3*b**3 - 2*b + 2. What is m(2)?
-26
Let g(f) = -f**2 + 14*f - 5. Calculate g(13).
8
Let u(o) = -5*o + 6. What is u(4)?
-14
Let b(t) = 16*t + 45. Give b(-3).
-3
Let p(y) = y**3 + 3*y**2 + y + 3. Determine p(-3).
0
Let g(r) = -r**2 - 11*r - 8. Calculate g(-8).
16
Let c(p) = -p**3 + p**2 + 2*p + 1. What is c(-2)?
9
Let g(w) = -w**3 - 2*w**2 + 34*w + 16. Determine g(5).
11
Let u(j) = -9*j - 62. Calculate u(-8).
10
Let w(x) = x**3 + 4*x**2 - 6*x + 11. Give w(-7).
-94
Let w(v) = -v**2 - 82*v - 522. What is w(-7)?
3
Let t(a) = -23*a + 1. Calculate t(2).
-45
Let u(q) = -q**3 + 39*q**2 - 37*q - 63. Give u(38).
-25
Let b(h) = h**3 + 5*h**2 - 7*h - 28. Calculate b(-5).
7
Let p(v) = -6*v - 4. Determine p(6).
-40
Let m(f) = 8*f**3 + 4*f - 3. Give m(1).
9
Let r(c) = -c**3 - 24*c**2 - 26*c - 62. Calculate r(-23).
7
Let q(a) = -16*a. What is q(7)?
-112
Let z(h) = -2*h**3 + 5*h**2 + 3*h + 8. Determine z(5).
-102
Let h(q) = q**3 + 28*q**2 - 30*q - 23. Give h(-29).
6
Let l(x) = -2*x + 2. Determine l(2).
-2
Let n(l) = -l**3 - 6*l**2 + 2*l - 2. What is n(-6)?
-14
Let h(i) = -i**3 - 3*i**2 + 2*i - 8. Give h(-4).
0
Let i(s) = -s + 2. Determine i(7).
-5
Let h(n) = -3*n + 26. What is h(13)?
-13
Let k(q) = -q**3 + 4*q**2 + 36*q - 20. Give k(8).
12
Let y(g) = 5*g - 31. What is y(6)?
-1
Let t(o) = -o**2 - 25*o - 22. Give t(-19).
92
Let c(b) = -3*b**3 + b**2 + b. What is c(2)?
-18
Let j(y) = 3*y**2 + 5*y + 4. Give j(-3).
16
Let o(l) = -l**3 - 7*l**2 - 7*l. What is o(-6)?
6
Let x(o) = -13*o + 7. Determine x(5).
-58
Let f(x) = 4*x - 112. Give f(32).
16
Let p(w) = -3*w**2 - 2*w - 3. Give p(3).
-36
Let o(u) = -3*u**2 - u + 4. What is o(2)?
-10
Let u(a) = 19*a - 482. Determine u(25).
-7
Let g(j) = -j**3 + 13*j**2 + 30*j + 5. What is g(15)?
5
Let d(s) = -5*s - 9. Determine d(-3).
6
Let o(q) = q**2 - 18*q + 90. Determine o(10).
10
Let p(d) = 5*d - 92. What is p(18)?
-2
Let y(x) = 2*x**2 - 43*x + 24. Determine y(21).
3
Let h(z) = -z**3 + 15*z**2 - 7*z + 99. Calculate h(15).
-6
Let o(r) = -r**2 - 10*r - 17. Calculate o(-8).
-1
Let o(d) = -4*d**2 + 9*d + 16. Determine o(4).
-12
Let u(d) = 6*d - 10. Give u(1).
-4
Let b(u) = -u**3 + 2*u**2 + 6*u - 8. Determine b(3).
1
Let l(d) = 20*d - 171. Give l(9).
9
Let w(y) = -5*y - 1. What is w(1)?
-6
Let f(a) = a**2 - 16*a + 51. What is f(10)?
-9
Let g(y) = y**3 + 8*y**2 - 3*y - 2. Calculate g(-8).
22
Let z(y) = y**3 - 8*y**2 + 7*y - 8. What is z(7)?
-8
Let x(g) = 3*g - 9. What is x(10)?
21
Let k(j) = j**2 - 18*j - 21. Determine k(9).
-102
Let r(w) = -w**2 - 8*w + 10. Give r(-9).
1
Let i(w) = -41*w + 117. Determine i(3).
-6
Let q(k) = -3*k + 6. Calculate q(1).
3
Let p(u) = -34*u - 12. Determine p(2).
-80
Let c(f) = -f**3 - 11*f**2 - 10*f - 3. Calculate c(-10).
-3
Let y(w) = w**3 + 40*w**2 - 4*w - 167. Determine y(-40).
-7
Let p(r) = r**3 - r**2 - 12*r - 28. Give p(-5).
-118
Let b(o) = -o**2 + 12*o - 14. What is b(11)?
-3
Let r(f) = -f**3 - 16*f**2 + 17*f + 4. Determine r(-17).
4
Let b(x) = 2*x**2 - 9*x - 18. What is b(-2)?
8
Let p(j) = 6*j + 19. What is p(0)?
19
Let i(m) = -m**3 - 9*m**2 - 7*m - 7. What is i(-8)?
-15
Let v(o) = -4*o**2 - 5*o + 19. What is v(-6)?
-95
Let s(d) = -2*d + 2. Determine s(1).
0
Let u(a) = 2*a**3 + 6*a**2 + 6*a + 10. What is u(-3)?
-8
Let k(t) = 2*t**3 - 7*t**2 + 5*t. What is k(5)?
100
Let p(y) = -7*y + 22. Give p(0).
22
Let o(j) = -2*j**2 + 4*j - 37. Determine o(0).
-37
Let x(t) = -8*t**3 - 2*t + 7. Determine x(2).
-61
Let x(d) = d**3 + 11*d**2 - 19*d + 4. Give x(-13).
-87
Let u(i) = -32*i - 180. Give u(-7).
44
Let q(y) = 2*y - 37. Calculate q(6).
-25
Let b(d) = d**3 - d**2 - 2*d - 1. Calculate b(2).
-1
Let o(n) = n**2 + n - 2. Determine o(2).
4
Let t(g) = 75*g + 163. Determine t(-2).
13
Let p(c) = c + 26. Determine p(-11).
15
Let h(i) = -i**3 - 27*i**2 + 59*i - 25. Calculate h(-29).
-54
Let f(l) = 22*l + 22. What is f(-5)?
-88
Let f(a) = -a**3 - a**2 + 3*a - 3. What is f(-2)?
-5
Let x(u) = -u - 2. Calculate x(-6).
4
Let c(s) = -5*s**2 + 18*s + 12. Give c(4).
4
Let f(l) = -4*l**2 + 37*l - 29. Determine f(10).
-59
Let d(c) = 2*c - 35. Give d(5).
-25
Let r(h) = 2*h**3 + 36*h**2 + 62*h - 27. Give r(-16).
5
Let f(x) = -x**3 - 9*x**2 - 8*x + 8. What is f(-8)?
8
Let g(b) = -10*b - 21. Determine g(-3).
9
Let r(s) = s**3 - 13*s**2 + 12*s - 3. Calculate r(12).
-3
Let r(h) = -4*h**3 + 3*h**2 - h + 2. Calculate r(2).
-20
Let q(b) = b**3 - 3*b**2 - 7*b + 5. Calculate q(5).
20
Let v(x) = -x**3 - 11*x**2 + 11*x - 12. Give v(-12).
0
Let x(r) = -r**3 + 13*r**2 - 29*r - 10. Give x(10).
0
Let c(u) = -2*u**3 + 15*u**2 - 2*u. What is c(6)?
96
Let k(b) = -b**3 + 5*b**2 - 7*b + 7. What is k(4)?
-5
Let i(h) = h**3 + h**2 - 4. What is i(-2)?
-8
Let p(c) = 12*c - 6. Determine p(3).
30
Let c(p) = -p**3 - 3*p**2 - 4. What is c(-5)?
46
Let o(b) = -b**3 + 18*b**2 - 2*b + 24. Calculate o(18).
-12
Let j(a) = 30*a + 83. Give j(-5).
-67
Let n(b) = -b**3 + 12*b**2 + 28*b - 3. What is n(14)?
-3
Let u(t) = -t**2 + 2*t - 8. Determine u(0).
-8
Let x(f) = f + 17. What is x(-20)?
-3
Let l(k) = k**3 + 14*k**2 + 34*k - 4. Give l(-11).
-15
Let d(g) = g**2 - 1. Determine d(3).
8
Let f(w) = -w**3 - 23*w**2 + 24*w - 11. What is f(-24)?
-11
Let j(k) = 2*k**2 - 14*k - 66. Calculate j(11).
22
Let c(j) = j**3 + 38*j**2 - 38*j + 46. Give c(-39).
7
Let l(q) = q**2 - 2*q - 3. Determine l(-1).
0
Let w(z) = z + 19. Determine w(-18).
1
Let d(t) = -4*t + 6. Determine d(3).
-6
Let d(b) = b + 4. Give d(12).
16
Let u(x) = x + 8. Calculate u(-3).
5
Let c(i) = -2*i + 25. Determine c(6).
13
Let h(b) = -b - 4. Calculate h(-6).
2
Let i(g) = g**2 - 2*g + 3. What is i(3)?
6
Let r(h) = -h**3 - 5*h**2 + 7*h + 7. Give r(-6).
1
Let s(p) = -p**2 + 15. What is s(0)?
15
Let a(d) = 2*d**3 - 41*d**2 - 117*d + 39. What is a(23)?
-7
Let c(x) = x**2 + 9*x 